?
True
Is 118589 composite?
False
Is 530133 prime?
False
Is 485493 a composite number?
True
Is 94771 prime?
True
Is 4783 a prime number?
True
Is 66883 prime?
True
Is 446 a prime number?
False
Is 15391 a prime number?
True
Is 14281 a prime number?
True
Is 278581 a composite number?
False
Is 83177 prime?
True
Is 159141 prime?
False
Is 2172497 a prime number?
True
Is 1649 composite?
True
Is 787 composite?
False
Is 197339 prime?
True
Is 444011 a composite number?
True
Is 16949 a prime number?
False
Is 6389 a composite number?
False
Is 129907 a composite number?
True
Is 41981 a composite number?
False
Is 62421 a prime number?
False
Is 646331 prime?
False
Is 80813 prime?
False
Is 7141 a prime number?
False
Is 1256197 a composite number?
False
Is 72739 a composite number?
False
Is 2266709 a prime number?
True
Is 592863 prime?
False
Is 1361 a prime number?
True
Is 13963 a composite number?
False
Is 333857 a prime number?
True
Is 60683 composite?
True
Is 1059743 composite?
False
Is 297581 a prime number?
True
Is 2257 composite?
True
Is 15143 a composite number?
True
Is 3909707 a composite number?
False
Is 16615 composite?
True
Is 16246 prime?
False
Is 366871 a prime number?
False
Is 67453 prime?
True
Is 71297 a prime number?
False
Is 43759 a composite number?
False
Is 8171 prime?
True
Is 204047 a composite number?
False
Is 6598 composite?
True
Is 366583 a composite number?
True
Is 407057 a prime number?
False
Is 1023769 composite?
False
Is 1795197 composite?
True
Is 6821 a composite number?
True
Is 6433 a prime number?
False
Is 13619 a prime number?
True
Is 106273 a composite number?
False
Is 77137 a composite number?
False
Is 21767 composite?
False
Is 249797 composite?
False
Is 247001 prime?
True
Is 36739 prime?
True
Is 46555 a composite number?
True
Is 14671 composite?
True
Is 1364663 composite?
False
Is 7411 composite?
False
Is 2314877 prime?
True
Is 4595 composite?
True
Is 28286 composite?
True
Is 493853 composite?
False
Is 2771 a prime number?
False
Is 6613 a prime number?
False
Is 74843 prime?
True
Is 32059 a composite number?
False
Is 4413 a prime number?
False
Is 106823 prime?
True
Is 8003 a composite number?
True
Is 625579 a composite number?
True
Is 24001 a prime number?
True
Is 11974 composite?
True
Is 400109 a prime number?
True
Is 10937 composite?
False
Is 1079 composite?
True
Is 35965 prime?
False
Is 93733 prime?
False
Is 8915 a composite number?
True
Is 10981 prime?
False
Is 1363 composite?
True
Is 382331 a composite number?
False
Is 35299 a composite number?
True
Is 351779 composite?
False
Is 4307023 a prime number?
False
Is 3210403 prime?
False
Is 33571 a composite number?
True
Is 351391 composite?
False
Is 746381 prime?
False
Is 74959 prime?
True
Is 2087453 prime?
True
Is 280321 composite?
False
Is 20099 a composite number?
True
Is 2320153 prime?
False
Is 52357 prime?
False
Is 223501 prime?
False
Is 89923 a composite number?
False
Is 407 a prime number?
False
Is 75661 composite?
True
Is 1455577 a composite number?
True
Is 1511 composite?
False
Is 101782 a prime number?
False
Is 1529349 a composite number?
True
Is 5737 composite?
False
Is 189817 prime?
True
Is 52267 composite?
False
Is 78133 a composite number?
True
Is 86239 a composite number?
False
Is 25867 a prime number?
True
Is 144031 a prime number?
True
Is 544259 prime?
True
Is 2008529 a prime number?
True
Is 357143 a prime number?
False
Is 63853 prime?
True
Is 4535 prime?
False
Is 1619 composite?
False
Is 9673 composite?
True
Is 128467 prime?
True
Is 106583 a composite number?
True
Is 515041 a prime number?
True
Is 40577 a prime number?
True
Is 9481 prime?
False
Is 3579 prime?
False
Is 8353 prime?
True
Is 197887 prime?
True
Is 153131 a prime number?
False
Is 221771 prime?
False
Is 42779 a composite number?
True
Is 11602 composite?
True
Is 492839 a composite number?
False
Is 113327 prime?
True
Is 64123 composite?
False
Is 5077 a composite number?
False
Is 39451 a prime number?
True
Is 6833 a composite number?
False
Is 195251 a prime number?
False
Is 30047 prime?
True
Is 234831 composite?
True
Is 212281 a prime number?
True
Is 124717 a composite number?
False
Is 6831859 a composite number?
True
Is 307 a prime number?
True
Is 75419 prime?
False
Is 1909561 prime?
True
Is 1733 a prime number?
True
Is 1047923 a prime number?
True
Is 144517 prime?
False
Is 75061 a prime number?
False
Is 24987 prime?
False
Is 106089 a prime number?
False
Is 349799 composite?
True
Is 22229 prime?
True
Is 9233 prime?
False
Is 259683 a composite number?
True
Is 2804831 composite?
False
Is 79801 a prime number?
True
Is 1419113 prime?
False
Is 114977 composite?
True
Is 2462899 composite?
False
Is 867773 a composite number?
False
Is 128813 prime?
True
Is 110749 a composite number?
False
Is 18599 composite?
True
Is 2416331 a prime number?
True
Is 1009 a prime number?
True
Is 104738 a composite number?
True
Is 12403 a composite number?
True
Is 1369 a prime number?
False
Is 1310749 a composite number?
True
Is 27329 a prime number?
True
Is 109271 a composite number?
True
Is 511507 a prime number?
True
Is 514069 a composite number?
True
Is 28699 a prime number?
False
Is 87553 a composite number?
False
Is 45949 a composite number?
False
Is 278987 prime?
False
Is 50411 a composite number?
False
Is 73561 prime?
True
Is 39433 composite?
True
Is 1074673 prime?
True
Is 2455087 a prime number?
True
Is 4111 composite?
False
Is 1535 composite?
True
Is 3273 a composite number?
True
Is 99206 a composite number?
True
Is 348233 a prime number?
False
Is 189481 prime?
False
Is 200513 a prime number?
True
Is 2671 a prime number?
True
Is 212522 a composite number?
True
Is 11719 composite?
False
Is 13093 composite?
False
Is 238079 prime?
True
Is 153697 a composite number?
True
Is 451961 a composite number?
False
Is 162649 composite?
False
Is 309637 a prime number?
True
Is 9983 prime?
False
Is 1103 prime?
True
Is 22027 prime?
True
Is 622527 composite?
True
Is 55963 a composite number?
True
Is 636313 prime?
True
Is 2366789 a composite number?
False
Is 2031 prime?
False
Is 2231 a prime number?
False
Is 251 prime?
True
Is 142151 a prime number?
True
Is 34495 a composite number?
True
Is 304787 a prime number?
False
Is 119839 prime?
True
Is 8923 prime?
True
Is 834721 composite?
False
Is 51317 composite?
True
Is 43559 a prime number?
False
Is 305827 a prime number?
False
Is 160283 composite?
True
Is 94219 composite?
False
Is 76051 prime?
False
Is 64547 composite?
True
Is 1739 prime?
False
Is 133451 composite?
False
Is 23099 prime?
True
Is 21711 a composite number?
True
Is 22381 composite?
False
Is 432483 a prime number?
False
Is 9923 a prime number?
True
Is 116999 prime?
False
Is 20613 prime?
False
Is 337 composite?
False
Is 1637 prime?
True
Is 3974 prime?
False
Is 24194 a composite number?
True
Is 8353 prime?
True
Is 224491 prime?
True
Is 1943 prime?
False
Is 1501 a composite number?
True
Is 197707 prime?
False
Is 6769 prime?
False
Is 7967 prime?
False
Is 2622013 a composite number?
False
Is 59951 a prime number?
True
Is 121393 composite?
True
Is 28709 composite?
True
Is 13709 a prime number?
True
Is 7121 composite?
False
Is 21323 a composite number?
False
Is 22751 composite?
False
Is 101221 composite?
False
Is 3226369 a composite number?
True
Is 16787 a prime number?
True
Is 18701 prime?
True
Is 23117 composite?
False
Is 53231 prime?
True
Is 74631 a prime number?
False
Is 34123 a composite number?
False
Is 58319 a prime number?
False
Is 250737 composite?
True
Is 611257 a composite number?
False
Is 14971 prime?
False
Is 175163 a composite number?
True
Is 27505 a prime number?
False
Is 27479 prime?
True
Is 709853 a composite number?
False
Is 62549 a prime number?
True
Is 14719 a composite number?
True
Is 1436869 a prime number?
False
Is 40459 a composite number?
False
Is 51089 a composite number?
True
Is 587 a prime number?
True
Is 53419 composite?
False
Is 107335 a composite number?
True
Is 433141 prime?
True
Is 206447 a prime number?
True
Is 14969 prime?
True
Is 3118 composite?
True
Is 185221 prime?
True
Is 279203 a composite number?
False
Is 5323 prime?
True
Is 2845249 a prime number?
False
Is 7061 prime?
False
Is 47441 prime?
True
Is 135029 composite?
False
Is 4481 prime?
True
Is 156517 prime?
False
Is 10533 a composite number?
